{"version":"1.0","provider_name":"\u00c1gora","provider_url":"https:\/\/www.univa.mx\/agora","author_name":"Comunicaci\u00f3n Sistema UNIVA","author_url":"https:\/\/www.univa.mx\/agora\/author\/gustavo\/","title":"\u00bfEl dolor sana con el olvido? - \u00c1gora","type":"rich","width":600,"height":338,"html":"<blockquote class=\"wp-embedded-content\" data-secret=\"AipWnws5uM\"><a href=\"https:\/\/www.univa.mx\/agora\/el-dolor-sana-con-el-olvido\/\">\u00bfEl dolor sana con el olvido?<\/a><\/blockquote><iframe sandbox=\"allow-scripts\" security=\"restricted\" src=\"https:\/\/www.univa.mx\/agora\/el-dolor-sana-con-el-olvido\/embed\/#?secret=AipWnws5uM\" width=\"600\" height=\"338\" title=\"\u00ab\u00bfEl dolor sana con el olvido?\u00bb \u2014 \u00c1gora\" data-secret=\"AipWnws5uM\" frameborder=\"0\" marginwidth=\"0\" marginheight=\"0\" scrolling=\"no\" class=\"wp-embedded-content\"><\/iframe><script>\n\/*! This file is auto-generated *\/\n!function(d,l){\"use strict\";l.querySelector&&d.addEventListener&&\"undefined\"!=typeof URL&&(d.wp=d.wp||{},d.wp.receiveEmbedMessage||(d.wp.receiveEmbedMessage=function(e){var t=e.data;if((t||t.secret||t.message||t.value)&&!\/[^a-zA-Z0-9]\/.test(t.secret)){for(var s,r,n,a=l.querySelectorAll('iframe[data-secret=\"'+t.secret+'\"]'),o=l.querySelectorAll('blockquote[data-secret=\"'+t.secret+'\"]'),c=new RegExp(\"^https?:$\",\"i\"),i=0;i<o.length;i++)o[i].style.display=\"none\";for(i=0;i<a.length;i++)s=a[i],e.source===s.contentWindow&&(s.removeAttribute(\"style\"),\"height\"===t.message?(1e3<(r=parseInt(t.value,10))?r=1e3:~~r<200&&(r=200),s.height=r):\"link\"===t.message&&(r=new URL(s.getAttribute(\"src\")),n=new URL(t.value),c.test(n.protocol))&&n.host===r.host&&l.activeElement===s&&(d.top.location.href=t.value))}},d.addEventListener(\"message\",d.wp.receiveEmbedMessage,!1),l.addEventListener(\"DOMContentLoaded\",function(){for(var e,t,s=l.querySelectorAll(\"iframe.wp-embedded-content\"),r=0;r<s.length;r++)(t=(e=s[r]).getAttribute(\"data-secret\"))||(t=Math.random().toString(36).substring(2,12),e.src+=\"#?secret=\"+t,e.setAttribute(\"data-secret\",t)),e.contentWindow.postMessage({message:\"ready\",secret:t},\"*\")},!1)))}(window,document);\n\/\/# sourceURL=https:\/\/www.univa.mx\/agora\/wp-includes\/js\/wp-embed.min.js\n<\/script>\n","thumbnail_url":"https:\/\/www.univa.mx\/agora\/wp-content\/uploads\/sites\/14\/2024\/05\/Daniela-Diaz-1.gif","thumbnail_width":1280,"thumbnail_height":720,"description":"Lo m\u00e1s humano es querer evitar lo que podemos decir que es peligroso o que puede ser ocasi\u00f3nate del sufrimiento, es un mecanismo de defensa y sobrevivencia, pero a pesar de ello no deja de ser algo inevitable, de ah\u00ed la importancia de tener un adecuado control de los recuerdos, con esto quiero referirme al c\u00f3mo se trabaja con aquellos sucesos traum\u00e1ticos que pueden desencadenar efectos secundarios de salud, tanto emocionales como f\u00edsicos."}

Ágora

Comunicación Sistema UNIVA

¿El dolor sana con el olvido? - Ágora

<blockquote class="wp-embedded-content" data-secret="AipWnws5uM"><a href="https://www.univa.mx/agora/el-dolor-sana-con-el-olvido/">¿El dolor sana con el olvido?</a></blockquote><iframe sandbox="allow-scripts" security="restricted" src="https://www.univa.mx/agora/el-dolor-sana-con-el-olvido/embed/#?secret=AipWnws5uM" width="600" height="338" title="«¿El dolor sana con el olvido?» — Ágora" data-secret="AipWnws5uM" frameborder="0" marginwidth="0" marginheight="0" scrolling="no" class="wp-embedded-content"></iframe><script>
/*! This file is auto-generated */
!function(d,l){"use strict";l.querySelector&&d.addEventListener&&"undefined"!=typeof URL&&(d.wp=d.wp||{},d.wp.receiveEmbedMessage||(d.wp.receiveEmbedMessage=function(e){var t=e.data;if((t||t.secret||t.message||t.value)&&!/[^a-zA-Z0-9]/.test(t.secret)){for(var s,r,n,a=l.querySelectorAll('iframe[data-secret="'+t.secret+'"]'),o=l.querySelectorAll('blockquote[data-secret="'+t.secret+'"]'),c=new RegExp("^https?:$","i"),i=0;i<o.length;i++)o[i].style.display="none";for(i=0;i<a.length;i++)s=a[i],e.source===s.contentWindow&&(s.removeAttribute("style"),"height"===t.message?(1e3<(r=parseInt(t.value,10))?r=1e3:~~r<200&&(r=200),s.height=r):"link"===t.message&&(r=new URL(s.getAttribute("src")),n=new URL(t.value),c.test(n.protocol))&&n.host===r.host&&l.activeElement===s&&(d.top.location.href=t.value))}},d.addEventListener("message",d.wp.receiveEmbedMessage,!1),l.addEventListener("DOMContentLoaded",function(){for(var e,t,s=l.querySelectorAll("iframe.wp-embedded-content"),r=0;r<s.length;r++)(t=(e=s[r]).getAttribute("data-secret"))||(t=Math.random().toString(36).substring(2,12),e.src+="#?secret="+t,e.setAttribute("data-secret",t)),e.contentWindow.postMessage({message:"ready",secret:t},"*")},!1)))}(window,document);
//# sourceURL=https://www.univa.mx/agora/wp-includes/js/wp-embed.min.js
</script>

Lo más humano es querer evitar lo que podemos decir que es peligroso o que puede ser ocasiónate del sufrimiento, es un mecanismo de defensa y sobrevivencia, pero a pesar de ello no deja de ser algo inevitable, de ahí la importancia de tener un adecuado control de los recuerdos, con esto quiero referirme al cómo se trabaja con aquellos sucesos traumáticos que pueden desencadenar efectos secundarios de salud, tanto emocionales como físicos.
